*c + 21. Determine h(4).
5
Let d(f) = 85*f + 90. Give d(-1).
5
Let k(c) = -c + 5. Give k(3).
2
Let p(z) = -z + 1. What is p(-1)?
2
Let i(a) = a**2 - 19*a - 9. Calculate i(19).
-9
Let l(u) = 2*u**2 - u + 3. What is l(3)?
18
Let b(u) = 2*u**2 + 9*u - 38. Give b(4).
30
Let f(r) = 3*r + 4. Determine f(7).
25
Let o(v) = v**3 - 7*v**2 - 9*v - 2. Determine o(8).
-10
Let v(y) = 3*y**2 + 28*y + 10. What is v(-9)?
1
Let f(c) = c**3 - 11*c**2 + 21*c - 7. Determine f(9).
20
Let p(m) = -5*m - 30. Calculate p(-4).
-10
Let g(t) = -2*t**2 + 44*t + 83. What is g(24)?
-13
Let w(o) = -o**3 + 9*o**2 + 7*o - 4. Calculate w(9).
59
Let c(w) = -w**2 + 12*w - 30. Give c(6).
6
Let j(l) = -l**3 + 16*l**2 - 16*l + 12. Calculate j(15).
-3
Let h(x) = x**3 + 2*x**2 + 6*x + 1. Determine h(-4).
-55
Let t(f) = -f**2 + 8*f + 1. Determine t(9).
-8
Let y(g) = g**2 + 3*g - 604. Determine y(23).
-6
Let o(q) = -8*q - 140. Give o(-17).
-4
Let d(k) = -7*k + 15. What is d(5)?
-20
Let j(z) = -4*z**2 + 13*z - 13. Calculate j(1).
-4
Let k(t) = t**2 + 7*t - 18. Determine k(-9).
0
Let f(l) = -l + 6. Calculate f(6).
0
Let i(t) = t**3 + 8*t**2 - 7. Calculate i(-7).
42
Let s(l) = -l**2 + 7*l + 9. What is s(10)?
-21
Let n(p) = p**3 + 8*p**2 + 4*p - 10. Determine n(-7).
11
Let l(v) = -4*v + 54. Give l(7).
26
Let t(c) = 4*c**3 - c**2 + 4. What is t(3)?
103
Let u(x) = -2*x - 23. Give u(13).
-49
Let l(y) = -13*y**3 - 2*y**2 - 5*y - 4. Give l(-1).
12
Let j(h) = -15*h - 3. What is j(0)?
-3
Let v(z) = -3*z + 7. Give v(10).
-23
Let m(v) = 6*v - 31. Give m(7).
11
Let g(r) = 28*r - 306. What is g(11)?
2
Let y(t) = -396*t + 1185. Determine y(3).
-3
Let u(a) = 2*a**2 + 3*a - 16. Give u(7).
103
Let l(x) = -3*x - 8. Determine l(-4).
4
Let x(n) = n**2 - n - 1. Determine x(0).
-1
Let l(x) = -x**3 - 6*x**2 - 6*x - 5. What is l(-4)?
-13
Let t(c) = -2*c + 24. Give t(3).
18
Let h(j) = -54*j - 51. Give h(-1).
3
Let i(h) = 54*h**3 + 2*h - 1. Give i(1).
55
Let u(b) = -b**3 - b**2 + 6*b - 5. Give u(0).
-5
Let f(z) = -z**2 - 19*z + 15. Calculate f(-20).
-5
Let c(u) = -u**2 - 8*u + 2. What is c(-7)?
9
Let z(j) = 2*j**2 - 12*j - 2. What is z(9)?
52
Let u(b) = b**2 - 15*b - 17. Give u(13).
-43
Let j(x) = x**3 - 4*x**2 + 4*x + 3. Calculate j(4).
19
Let j(l) = l**2 + 6*l + 6. Calculate j(-3).
-3
Let w(o) = -5*o**2 - 30*o + 8. Determine w(-6).
8
Let j(c) = -6*c + 10. Calculate j(3).
-8
Let b(t) = -t - 8. Determine b(-8).
0
Let z(u) = -u**3 + 15*u**2 - 20*u - 13. What is z(14)?
-97
Let h(o) = -2*o**2 - 130*o + 141. Determine h(-66).
9
Let k(z) = 4*z**3 - 2*z**2 + z + 2. Give k(1).
5
Let p(i) = 24*i**2 + 6*i + 5. Calculate p(-2).
89
Let x(b) = -2*b**2 + 41*b + 62. Give x(22).
-4
Let a(s) = 5*s - 2. What is a(2)?
8
Let d(t) = -t**2 - 18*t + 241. Give d(-27).
-2
Let z(a) = 3*a + 17. Give z(8).
41
Let o(k) = -k - 7. Determine o(-13).
6
Let k(z) = -z**3 - 6*z**2 + 3*z + 19. Calculate k(-6).
1
Let d(o) = 13*o + 143. Give d(-11).
0
Let r(n) = n**3 + 4*n**2 - 4. Give r(-3).
5
Let a(h) = 5*h + 64. Calculate a(-13).
-1
Let i(n) = -n**3 - 9*n**2 - 4*n + 2. Give i(-6).
-82
Let b(k) = -k**3 - 2*k**2 + 13*k - 10. Give b(-5).
0
Let h(x) = -x**3 - 12*x**2 + 7*x - 20. What is h(-13)?
58
Let j(m) = -m**2 - m + 23. Determine j(5).
-7
Let b(y) = y**3 + 22*y**2 + 28*y + 142. Determine b(-21).
-5
Let o(b) = -2*b**2 - 6*b - 5. Determine o(-2).
-1
Let a(n) = -52*n + 423. Calculate a(8).
7
Let h(q) = 2*q**2 - 8*q - 4. Calculate h(6).
20
Let m(i) = 9*i + 48. Calculate m(-6).
-6
Let u(l) = -2*l**3 + l**2 + l - 2. What is u(2)?
-12
Let k(u) = -u**3 + 6*u**2 - 6*u. Calculate k(5).
-5
Let c(z) = z**2 + 4*z - 7. Give c(-8).
25
Let b(i) = 3*i + 19. What is b(-11)?
-14
Let i(t) = -t**2 - 18*t + 185. What is i(-25)?
10
Let x(a) = 22*a + 285. Determine x(-13).
-1
Let x(a) = 3*a**2 - 175*a + 46. Calculate x(58).
-12
Let p(c) = -2*c**2 + 19*c + 3. What is p(9)?
12
Let y(o) = 26*o + 14. What is y(-2)?
-38
Let x(s) = -14*s**2 + 4*s - 2. Give x(2).
-50
Let j(z) = -z**2 + 13*z - 23. Give j(7).
19
Let y(h) = -h**3 - 11*h**2 - 12. Determine y(-11).
-12
Let m(x) = -16*x + 354. What is m(22)?
2
Let k(i) = -i**3 + 6*i**2 + 6*i + 4. Calculate k(7).
-3
Let n(w) = w**3 + 2*w**2 + 18*w + 58. Calculate n(-3).
-5
Let r(v) = v**2 - 24*v + 69. Calculate r(20).
-11
Let n(i) = -i**2 - 13*i - 8. Calculate n(-15).
-38
Let l(j) = -125*j**2 + 501*j - 2. Determine l(4).
2
Let z(m) = -m**3 - 16*m**2 - 16*m - 10. Give z(-15).
5
Let s(g) = -4*g - 2. What is s(1)?
-6
Let t(n) = -5*n. What is t(-1)?
5
Let t(c) = -c**2 - 3*c - 6. Determine t(-4).
-10
Let s(x) = -x**3 + 17*x**2 - 19*x + 34. Calculate s(16).
-14
Let z(u) = u**3 - 3*u**2 - 8*u - 1. What is z(-3)?
-31
Let p(g) = -5*g - 13. Give p(-5).
12
Let n(m) = m**2 + 4*m - 5. Determine n(-9).
40
Let n(i) = 4*i**2 - 13*i - 11. Calculate n(6).
55
Let t(b) = -b**3 - 6*b**2 - 8. Determine t(-6).
-8
Let n(u) = u**3 - 11*u**2 - u + 14. Calculate n(11).
3
Let z(w) = -3*w + 46. Give z(15).
1
Let p(d) = -d**3 + 3*d**2 + 4*d + 5. Give p(5).
-25
Let u(g) = g**3 + 14*g**2 + g + 17. Determine u(-14).
3
Let w(y) = 4*y + 1. Give w(-7).
-27
Let y(o) = -o**3 - 6*o**2 - o - 8. Give y(-5).
-28
Let h(d) = d**3 - 5*d**2 - 2*d. Calculate h(6).
24
Let b(k) = 2*k + 31. Determine b(-6).
19
Let m(a) = a**3 - 2*a**2 - 2*a - 13. What is m(4)?
11
Let d(b) = b**2 + 11*b + 15. What is d(-6)?
-15
Let g(y) = y**3 - 6*y**2 + 2*y - 14. Give g(6).
-2
Let l(k) = -5*k**3 - 31*k**2 - 7*k + 9. Calculate l(-6).
15
Let v(t) = -t**2 - 8*t - 14. What is v(-7)?
-7
Let g(s) = 13*s**3 - 2*s**2 + 1. Calculate g(1).
12
Let s(y) = -7*y - 7. Give s(-2).
7
Let q(f) = 12*f**2 - 1. Calculate q(1).
11
Let l(j) = j**3 - 4*j**2 - 14*j + 54. Determine l(4).
-2
Let y(j) = 5*j + 17. What is y(-7)?
-18
Let f(v) = v**3 - 11*v**2 + 22*v - 31. What is f(9)?
5
Let u(x) = 3*x + 9. Give u(-6).
-9
Let f(v) = -8*v**3 + 2*v**2 + 4*v + 1. Give f(-1).
7
Let q(r) = 4*r. Calculate q(6).
24
Let h(i) = -58*i - 181. Determine h(-3).
-7
Let x(r) = -76*r**3 - r**2 - 2*r + 4. Determine x(1).
-75
Let p(t) = -11*t + 3. Give p(-3).
36
Let z(i) = i**3 - 2*i - 2. Calculate z(-1).
-1
Let h(u) = 5*u - 31. What is h(7)?
4
Let b(o) = -o - 6. Determine b(-8).
2
Let o(j) = j**3 - j**2 - 22*j + 9. Determine o(5).
-1
Let s(w) = w**2 - 9*w - 8. Give s(12).
28
Let w(h) = -2*h + 24. What is w(17)?
-10
Let u(w) = -w**2 - 9*w - 5. Calculate u(-4).
15
Let f(w) = 7*w**2 + 11*w + 20. Give f(-5).
140
Let d(w) = 3*w + 1. Determine d(14).
43
Let y(j) = -j**2 + j + 4. Determine y(4).
-8
Let l(o) = -o**3 - 12*o**2 - 13*o - 27. Give l(-11).
-5
Let a(i) = i**2 - 8*i. Determine a(13).
65
Let c(y) = y**3 + 12*y**2 + 10*y - 13. Determine c(-11).
-2
Let a(f) = -f**2 - 2*f + 3. Give a(-4).
-5
Let c(t) = 43*t + 14. Calculate c(-5).
-201
Let l(y) = -3*y + 5. Calculate l(4).
-7
Let c(w) = 3*w**2 - 2*w + 1. Give c(2).
9
Let p(l) = -l**3 - 3*l**2 + 6*l + 4. Calculate p(-5).
24
Let u(k) = 9*k - 3. What is u(-2)?
-21
Let r(l) = -2*l + 48. Give r(23).
2
Let m(v) = v**2 + 11*v. Calculate m(-10).
-10
Let b(v) = -18*v**3 - 2*v**2 + v + 3. Calculate b(-1).
18
Let s(l) = -l + 110. Calculate s(21).
89
Let w(t) = 10*t - 15. Give w(2).
5
Let q(x) = 23*x + 147. Determine q(-7).
-14
Let z(i) = 4*i - 2. Give z(-6).
-26
Let p(g) = 5*g + 164. Determine p(-31).
9
Let n(m) = -m**2 - 4. Determine n(7).
-53
Let t(q) = -q**2 - 13*q + 28. Give t(-13).
28
Let b(u) = -u**3 + 7*u**2 + 4*u + 4. Calculate b(6).
64
Let j(y) = y**2 + 6*y - 2. Calculate j(-6).
-2
Let c(a) = -a**3 - 11*a**2 - 9*a + 4. Determine c(-10).
-6
Let c(p) = 4*p**2 + 23*p - 73. Calculate c(-8).
-1
Let z(m) = m**2 - 2*m - 20. What is z(-7)?
43
Let q(y) = -y**2 - 6*y + 3. Calculate q(-7).
-4
Let m(h) = -h**3 + 35*h**2 - 69*h + 90. Calculate m(33).
-9
Let r(z) = z**3 - 12*z**2 + z - 1. Calculate r(12).
11
Let x(q) = -8*q**2 - q. Give x(-1).
-7
Let n(y) = -2*y**3 + 35*y**2 + 22*y - 77. Determine n(18).
-5
Let v(w) = -8*w**2 - 41*w - 1. Calculate v(-5).
4
Let i(m) = -2*m**2 - 19*m - 36. What is i(-10)?
-46
Let r(l) = -2*l**2 + 20*l - 9. Give r(4).
39
Let y(m) = 2*m**2 + 14*m + 8. What is y(-7)?
8
Let t(f) = 3*f**2 + 7*f - 2. What is t(-6)?
64
Let x(o) = -o**2 + o. What is x(4)?
-12
Let o(k) = k**3 - 25*k**2 + 48*k - 33. What is o(23)?
13
Let l(o) = o**3 + 6*o**2 - 2*o - 2. What is l(-4)?
38
Let z(c) = -c**3 + 7*